{"id":577,"date":"2024-08-15T18:17:02","date_gmt":"2024-08-15T16:17:02","guid":{"rendered":"https:\/\/alexandrediet.net\/?page_id=577"},"modified":"2024-08-15T18:26:07","modified_gmt":"2024-08-15T16:26:07","slug":"pcm-dn-made-1","status":"publish","type":"page","link":"https:\/\/alexandrediet.net\/index.php\/pcm-dn-made-1\/","title":{"rendered":"PCM DN MADe 1"},"content":{"rendered":"\n<p>L&rsquo;enseignement de Physique et Chimie des Mat\u00e9riaux (PCM) entre dans le cours de Technologie. En premi\u00e8re ann\u00e9e, il se focalise sur les couleurs.<\/p>\n\n\n\n<h2 class=\"wp-block-heading\"><strong>Th\u00e8me 1 : Optique<\/strong> \ud83d\udc41\ufe0f<\/h2>\n\n\n\n<div class=\"wp-block-file\"><a id=\"wp-block-file--media-674a82fb-140e-4acc-9bd3-1084125e1c9d\" href=\"https:\/\/alexandrediet.net\/wp-content\/uploads\/2024\/08\/T1.pdf\" target=\"_blank\" rel=\"noreferrer noopener\">Cours et TP<\/a><\/div>\n\n\n\n<h2 class=\"wp-block-heading\"><strong>Th\u00e8me 2 : Extraction et s\u00e9paration d&rsquo;une esp\u00e8ce color\u00e9e<\/strong> \u269b\ufe0f<\/h2>\n\n\n\n<div class=\"wp-block-file\"><a id=\"wp-block-file--media-0b6e44a9-c5e9-41d7-9b5f-60b90930bfd5\" href=\"https:\/\/alexandrediet.net\/wp-content\/uploads\/2024\/08\/T2C1.pdf\" target=\"_blank\" rel=\"noreferrer noopener\">Chapitre 1 : Rappels et compl\u00e9ments sur les mol\u00e9cules<\/a><\/div>\n\n\n\n<p><\/p>\n","protected":false},"excerpt":{"rendered":"<p>L&rsquo;enseignement de Physique et Chimie des Mat\u00e9riaux (PCM) entre dans le cours de Technologie. En premi\u00e8re ann\u00e9e, il se focalise sur les couleurs. Th\u00e8me 1 : Optique \ud83d\udc41\ufe0f Th\u00e8me 2 : Extraction et s\u00e9paration d&rsquo;une esp\u00e8ce color\u00e9e \u269b\ufe0f<\/p>\n","protected":false},"author":1,"featured_media":0,"parent":0,"menu_order":0,"comment_status":"closed","ping_status":"closed","template":"","meta":{"footnotes":""},"class_list":["post-577","page","type-page","status-publish","hentry"],"_links":{"self":[{"href":"https:\/\/alexandrediet.net\/index.php\/wp-json\/wp\/v2\/pages\/577","targetHints":{"allow":["GET"]}}],"collection":[{"href":"https:\/\/alexandrediet.net\/index.php\/wp-json\/wp\/v2\/pages"}],"about":[{"href":"https:\/\/alexandrediet.net\/index.php\/wp-json\/wp\/v2\/types\/page"}],"author":[{"embeddable":true,"href":"https:\/\/alexandrediet.net\/index.php\/wp-json\/wp\/v2\/users\/1"}],"replies":[{"embeddable":true,"href":"https:\/\/alexandrediet.net\/index.php\/wp-json\/wp\/v2\/comments?post=577"}],"version-history":[{"count":5,"href":"https:\/\/alexandrediet.net\/index.php\/wp-json\/wp\/v2\/pages\/577\/revisions"}],"predecessor-version":[{"id":589,"href":"https:\/\/alexandrediet.net\/index.php\/wp-json\/wp\/v2\/pages\/577\/revisions\/589"}],"wp:attachment":[{"href":"https:\/\/alexandrediet.net\/index.php\/wp-json\/wp\/v2\/media?parent=577"}],"curies":[{"name":"wp","href":"https:\/\/api.w.org\/{rel}","templated":true}]}}